, 26 = p + 3*z - 404. Is p composite?
True
Suppose 1408 + 812 = 5*t. Let o = 55 + t. Is o prime?
True
Let m(d) = 2 - 4 - 1 - 109*d + 119*d. Is m(5) a composite number?
False
Let m(w) = w - 1. Suppose -p + 5*r + 1 = 2*p, 0 = -3*p - 3*r + 9. Let q(c) = -38*c - 1. Let a(z) = p*m(z) - q(z). Is a(3) composite?
True
Let w = -458 + 869. Is w a prime number?
False
Let w(f) = 27*f**2 + 3*f + 8. Let p be w(4). Suppose 0 = 4*y - 8*y + p. Is y composite?
False
Suppose -1755 = -5*b - 5*t - 0*t, 5*b - 1767 = t. Is b a composite number?
False
Let p(b) = 3*b**2 + b**3 - 5*b**2 + 4 + b**2 - 2*b**2. Let y be p(3). Is 7/y*(-1 + 5) composite?
False
Let u = 1263 + 4516. Is u composite?
False
Let s(w) = -w**3 - 10*w**2 + 12*w + 8. Let x be s(-11). Let j(l) = 9*l**2 + 4. Is j(x) a prime number?
False
Let k = 59 + 27. Is 1 + k + 0 + 2 composite?
False
Suppose 0 = 4*u + 12 - 4. Let d be -1 + -6*(1 - -7). Let v = u - d. Is v prime?
True
Suppose 0 = -5*i - 842 + 8027. Is i prime?
False
Let a = -65 + 1684. Is a a composite number?
False
Let g(t) = -63*t - 1. Suppose 1 = -4*y + 3*j, 0 + 3 = -2*y + j. Is g(y) composite?
False
Let f(l) be the third derivative of -l**6/120 + l**5/60 + l**4/6 - 2*l**3/3 - 2*l**2. Let g be f(3). Let d(n) = -n**3 - 9*n**2 + 6*n - 3. Is d(g) composite?
False
Let o(y) = -y**3 - y**2 + y - 4. Let n be o(-3). Let w = 1 - -13. Suppose -5*v + 5*i + w = -n, -i - 7 = -2*v. Is v a prime number?
True
Let m(i) = i**2 + 6*i + 1. Let a be m(-4). Let y(r) = r + 2. Let z be y(a). Is (-5)/25 - 176/z a composite number?
True
Let b(s) = 6*s**2 + 2*s + 4. Let l be b(5). Suppose -4*f = -2*f - l. Is f a composite number?
True
Suppose 2*n + 6 = 4*n. Suppose n*j = 1984 + 53. Is j composite?
True
Suppose 4*f - 10 - 111 = -3*t, 3*f = 12. Is t a composite number?
True
Let i(t) = t**2 - 2*t + 4*t - t + 2. Let s(o) = -4*o**2 - 1. Let d be s(-1). Is i(d) prime?
False
Let r be ((-4)/2)/(4/42). Let y = 13 - -91. Let n = y + r. Is n a prime number?
True
Let a = 3252 - 1739. Is a a prime number?
False
Is 0/(-2 + 0) - -97 composite?
False
Let s = 6510 - 4595. Is s prime?
False
Let n(v) = v**3 - 2*v**2 - 2*v - 1. Let i = 18 + -15. Is n(i) composite?
False
Suppose -4*w = 8 + 4. Let j(m) = -3*m + 4. Is j(w) prime?
True
Suppose -4*i = 6 - 14. Suppose 0 = -4*w + 6*r - r - 16, -4*w = i*r + 16. Let d(u) = 7*u**2 - 4*u - 1. Is d(w) composite?
False
Let l(t) = -t**3 - 9*t**2 + 7*t + 13. Is l(-10) composite?
False
Suppose -2*a = a - 126. Let i = 27 + a. Is i prime?
False
Let x be (-47 - 1)*15/(-9). Suppose x = n - 6*n. Let l = 47 + n. Is l a prime number?
True
Suppose 3*x - 276 = 4*y - 3*y, 4*y = 0. Let w = -85 + 40. Let l = w + x. Is l a prime number?
True
Let b(o) = o**3 + 7*o**2 + 6*o + 3. Let t be b(-6). Suppose 3*r - 472 = 2*g, -2*g = t*g + 25. Suppose -r + 20 = -2*y. Is y prime?
True
Let c(n) = -n**2 - n. Let a(i) = 8*i**2 + 2*i - 2. Let k(v) = a(v) + 5*c(v). Is k(5) a prime number?
False
Let k = 1927 - -682. Is k prime?
True
Let w(y) = y. Let k be w(7). Let q = 8 - k. Let c(m) = 328*m**3 + m**2. Is c(q) a prime number?
False
Suppose -1 = z, 3*z + 126 + 73 = -4*q. Is -4*2*q/8 composite?
True
Let c be 0 - -1 - (-49 - -1). Suppose -20*q + 28*q + 96 = 0. Let a = c + q. Is a prime?
True
Suppose 0 = 3*o + 2*o + 4*m - 5309, 0 = -o - 3*m + 1064. Is o prime?
True
Let x = 27 - 25. Let b(n) = -n**2 - n. Let j(m) = 14*m**2 + 2*m - 1. Let o(t) = 4*b(t) + j(t). Is o(x) a composite number?
True
Let o(s) = s + 1. Let x be o(0). Let r be (x/1)/(5/25). Suppose r*h - 210 = -3*k - 13, -3*h - 283 = -5*k. Is k a composite number?
False
Let a(w) = 178*w**2 + 6*w + 7. Is a(-2) composite?
True
Suppose -3*q + 1344 = -2*q. Suppose -3*k = -12, -4*k + q - 428 = 5*x. Suppose -3*l = 5*r - x, -4*r - 9 = -7*r. Is l composite?
True
Let j be 89614/98 - 8/(-14). Let v = j + -612. Is v prime?
False
Suppose 0 = 3*x - 4*r - 793, 3*x - x = -2*r + 538. Is x composite?
True
Suppose 0 = -3*g - g - 3*m + 14, 0 = g + 4*m - 10. Suppose -2*w - g*j + 384 = 0, -2*w + 3*j + 390 = 11. Is w a composite number?
False
Suppose -2*h = h - 12. Suppose -d - 3*o + 82 = -0*d, 0 = h*d - 4*o - 248. Is d prime?
True
Suppose 573 = -32*y + 33*y. Is y a composite number?
True
Let c(f) = 43*f + 3. Let a(p) = -p - 8. Let l be a(-6). Let o be c(l). Let q = o + 142. Is q composite?
False
Suppose -318 = -0*s - s - 3*p, 0 = -5*p. Let z = s + -95. Is z a composite number?
False
Let i be 10/(1/14*-1). Let k = i - -253. Is k a composite number?
False
Suppose -4*l + 4 = -2*l. Suppose d = l*v + 377, -d - 4*v + 356 = v. Is d prime?
False
Let l be 2/(-5) + 51/15. Suppose 4*f + 0*u - 8 = 3*u, -l*u + 2 = f. Suppose f*c = -0*j - 2*j + 76, -5*j = -2*c - 169. Is j composite?
True
Suppose -q = 5*s + 140, -3*q - 2*q - s = 748. Let a = q - -227. Is a prime?
False
Suppose 5*b - 5*l = -5, -5 = 4*b + 3*l + 6. Is (7/(-7))/(b/382) prime?
True
Suppose 3*u = -2*u + 105. Suppose -j = -5*j - 16. Let w = u - j. Is w prime?
False
Let c be -2 + 0 - (0 + -806). Let p = 1219 - c. Is p composite?
True
Suppose -x = x - 1634. Is x a prime number?
False
Let q be 666 + -1 - (-1 - 2). Suppose -q = -3*k - 53. Is k a composite number?
True
Let d(p) = 12*p + 1. Let q be d(1). Let w(g) = -g**2 + 15*g + 11. Is w(q) prime?
True
Let m = 19 + -7. Suppose -5*k + 2*i = -864 + 2502, -3*i + m = 0. Is 4/10 - k/10 composite?
True
Let a = 2 - 0. Let c = -18 - -21. Suppose -a*o - 285 = -j, -4*o + 1436 = 5*j - c*o. Is j composite?
True
Let b be (495/12)/(6/16). Suppose 2*h - 7*h = -b. Is h a prime number?
False
Let h = 1 + 2. Suppose h*a = 5*r + 22 + 12, -4*a - 3*r = -55. Is a a composite number?
False
Let k(b) = b**2 - 5*b + 4. Let j be k(5). Suppose j*y - 230 = 2*y. Is y a composite number?
True
Is -2 + 160 + (2 - 3) a prime number?
True
Suppose -4*k - w = -3*k + 13, k = w - 13. Is -3 + -3*k/3 a prime number?
False
Let t(n) = -2*n**3 - 7*n**2 + 7. Let f be t(6). Let z = -418 - f. Is z a prime number?
False
Suppose -33*t + 40*t - 6769 = 0. Is t composite?
False
Let t(z) = 5*z**2 + 3*z + 3. Is t(13) composite?
False
Let s be (-281)/(-4) - 5/20. Suppose -3*u + s = -35. Is u a prime number?
False
Let t(a) = -197*a + 6. Is t(-1) composite?
True
Let u(a) = -2*a - 7. Let f be u(-11). Let m(q) = f*q + 18*q - 5*q - 6*q + 1. Is m(1) composite?
False
Suppose q - 5*q = 0. Suppose q = 4*i + z - 61 + 5, -2*z = -8. Is i a composite number?
False
Is (1*(-3)/(-9))/(1/2229) a composite number?
False
Let x(i) = i**2 - i + 1. Let a(r) = -r**2 + 8*r - 5. Let m(c) = a(c) + 2*x(c). Is m(4) a composite number?
False
Let t(l) = 3*l**3 + 20*l**2 + 17*l + 74. Let m = 10 + -4. Let b(u) = u**3 + 7*u**2 + 6*u + 25. Let j(q) = m*t(q) - 17*b(q). Is j(0) prime?
True
Let i(b) = -b**2 + b + 2. Let y be i(0). Suppose 0 = 5*p - 3*p - 140. Suppose -y*g = 3*g - p. Is g a composite number?
True
Let g(t) = 65*t + 4. Let x(r) = 33*r + 2. Let l(v) = -6*g(v) + 11*x(v). Let h = -10 - -7. Is l(h) a composite number?
False
Let i(z) = 6*z**2 + 6*z - 2. Is i(7) composite?
True
Let v(w) = 1 + 3*w**2 + 3*w**2 + 16*w**2. Is v(1) a prime number?
True
Suppose -5*l + 0*l + 10 = 0. Let o(t) = 24*t**2 - t + 1. Is o(l) prime?
False
Suppose 0 = 2*n - 6, n = 5*r + 3 + 10. Let y be ((-2920)/30)/((-4)/6). Is r + 3 + y - -2 a prime number?
True
Let s = -892 + 1989. Is s a composite number?
False
Suppose -3*v + 8584 = 5*v. Is v prime?
False
Let y = 58 + -110. Let z be y/(-3) + (-4)/(-6). Let l = 29 - z. Is l a prime number?
True
Let z = 5 + -1. Suppose 1 + z = s. Suppose 0*c + 9 = 3*l - c, -5*c - 5 = s*l. Is l composite?
False
Suppose -17962 + 5410 = -8*w. Is w a composite number?
True
Suppose 4*c + 4*b + 0*b = -6892, 6886 = -4*c - b. Is 18/(-27) + c/(-3) prime?
False
Is (5 + -3)/((-10)/(-6245)) prime?
True
Let z(c) = 70*c**3 - c**2 + 1. Let d(a) = -a**2 + 7*a - 5. Let x be d(6). Let v be z(x). Suppose v = 2*j - 0. Is j a composite number?
True
Suppose 22*f = 20*f + 1426. Is f a composite number?
True
Let n = 12 - 8. Suppose 0*i = 5*i. Suppose n*z - 2*q = 66, q + i*q - 72 = -5*z. Is z a composite number?
True
Is (-1266)/(-12)*(2 + 2 + -2) prime?
True
Suppose -2*m + 1359 = -1063. Is m a composite number?
True
Suppose 0*k = -4*k + 56. Let o be (4/k)/((-1)/(-7)). Is (0 - -36)/o + 1 a prime number?
True
Let k(l) = 6 - 4 - 3*l + 9. Is k(-8) prime?
False
Suppose 5